 the ten thousands digit of l?
4
Let k(v) = -v**2 - 7*v + 34. Let y be k(-10). Suppose -y*l = 9 - 89. Suppose l = 2*g - 16. What is the units digit of g?
8
Let b = 663 - -5459. What is the thousands digit of b?
6
Let i(o) = -8*o - 40. Let b = 6 - 2. Let j be 1 - (23 - b - 1). What is the tens digit of i(j)?
9
Suppose 84151 - 494491 = -35*o. What is the thousands digit of o?
1
Let f = -215 - -227. Let y(x) = -5*x**2 - 14*x - 5. Let p(m) = -4*m**2 - 14*m - 5. Let u(r) = -6*p(r) + 5*y(r). What is the units digit of u(f)?
9
Let v = 99 + -91. What is the hundreds digit of (1336/(-16))/(-1 - (-6)/v)?
3
Suppose -14*t = t - 5010. Let y be 6*5/(-10) - (1 - t). Suppose y = 2*q - 210. What is the tens digit of q?
7
Suppose 42*u - 41*u - 7513 = -5*x, 2*x + 7548 = u. What is the hundreds digit of u?
5
Let w be -1 + (2/3)/(9/2943). Let p = w + 546. What is the tens digit of p?
6
Suppose 165*p - 768195 = 561870. What is the thousands digit of p?
8
Let p = 931 + -910. Suppose -2*v + 1147 = o, p*v - 20*v - 3466 = -3*o. What is the thousands digit of o?
1
Let h be ((-150)/(-4))/((-1757)/(-252) + -7). What is the hundreds digit of h/(-3) + 27/(-9)?
4
Let n(l) = 16*l**2 + 143*l + 3730. What is the hundreds digit of n(-32)?
5
Let r be (-11)/((-11)/522)*(-55)/(-10). Suppose -2*s - 485 = -x + 241, 0 = 4*x + 3*s - r. What is the tens digit of x?
2
Let c(b) = b**3 - 27*b**2 + 21*b - 73. What is the tens digit of c(31)?
2
Let g = 146 + -144. Let s be (-14446)/(-93) + g/3. Suppose -s - 106 = -d. What is the units digit of d?
2
What is the tens digit of (300/(-14))/(3/(-1050))?
0
Let v(b) = b**2 - 151*b + 62. What is the hundreds digit of v(-105)?
9
Suppose 4*v = 110 + 10. Suppose -12*c - 7416 = -v*c. What is the hundreds digit of c?
4
Suppose 25*j - 6*j - 95 = 0. Suppose 3*l + j*u = 3736, -2058 - 401 = -2*l + 3*u. What is the tens digit of l?
3
What is the ten thousands digit of 69358/(-4*((-42)/60 - (-2)/10))?
3
Suppose -20*r + 14880 = 1740. Let h = r - 578. What is the tens digit of h?
7
Suppose 4*f - 2*f + 3*l + 1134 = 0, 5*f + 4*l = -2828. Let c = f + 959. What is the hundreds digit of c?
3
Let z(m) = -4*m**3 - 15*m**2 + 34*m + 132. What is the tens digit of z(-8)?
4
Suppose 42*g + 456 = 54*g. Let v(h) = h**3 - 35*h**2 - 105*h - 16. What is the tens digit of v(g)?
2
Let n be ((-2019)/6 + (0 - 0))*-2. Suppose -n = -17*w + 517. What is the units digit of w?
0
Suppose 0 = -3*o - 5*b - 26 - 32, 4*b + 114 = -5*o. Let x(w) = w. Let g(s) = 12*s + 62. Let t(n) = -g(n) + 2*x(n). What is the hundreds digit of t(o)?
1
Let d = 0 - -18. Let l(k) = -k - 38. Let t be l(d). Let q = t - -97. What is the units digit of q?
1
Let i(k) = 215*k - 1207. What is the tens digit of i(38)?
6
Suppose -4*q - 91*z = -86*z - 21871, 2*z = 4*q - 21878. What is the units digit of q?
9
Let l(k) be the first derivative of -k**3/3 + 33*k**2/2 + 16*k - 6. What is the tens digit of l(10)?
4
Let c be 39/7 + 24/56. Suppose -4*d = -3*l + 34, 3*l + 3*d - c = -0*l. Suppose 5 = 7*q - l*q. What is the units digit of q?
5
Suppose -8*f = 50*f - 32422. What is the units digit of f?
9
Suppose -166945 + 17302 = -13*o. Suppose 0 = -34*c + 25*c + o. What is the tens digit of c?
7
Suppose u + u = 60. Let g = -434 + 457. Let c = u - g. What is the units digit of c?
7
Let i(b) = 3*b**2 + 2*b + 17. Let l be i(0). Suppose -2247 = -l*k + 3363. What is the tens digit of k?
3
Let n(q) = q**2 + 5*q - 58. Let y be n(5). Let k(x) = 374*x + 14. Let f(s) = -125*s - 5. Let h(b) = y*f(b) - 3*k(b). What is the hundreds digit of h(-1)?
1
Suppose -4*t + 138*z - 139*z + 169668 = 0, 10*t - 424150 = -5*z. What is the ten thousands digit of t?
4
Let c = 2644 - 1562. Let l = -719 + c. What is the units digit of l?
3
Let j be 1 - (-6)/(28/(-8) + 5). Suppose -j*x - 1083 = -4*u + 626, 0 = -3*u - 2*x + 1276. What is the units digit of u?
6
Let t(r) = 22*r**2 - 2*r. Let q be t(-1). Suppose -v - 2*k - 51 = 0, v - 3*k + q = -2. Let d = 6 - v. What is the tens digit of d?
4
Suppose -4*y - 3303 = -3*x + 1258, 0 = -4*x - y + 6075. What is the tens digit of x?
1
Let x = -13 - -7. Let p be (-5 + 8)*16/x. What is the tens digit of p/(-28) + 300/28?
1
Let u = -189 + 179. Let z(f) = -f**3 - 7*f**2 + 14*f. What is the hundreds digit of z(u)?
1
What is the thousands digit of 13/2*((8 - -588) + -10)?
3
What is the thousands digit of ((-6812)/(-10) - (180/(-5))/9)*15?
0
Let v(k) = 13*k + 4. Let s be v(-8). Let g be (-8)/(3 + s/32). Let h = 210 - g. What is the hundreds digit of h?
1
Let i(r) = -20*r**3 - 8*r**2 - 275*r - 2163. What is the tens digit of i(-8)?
6
Suppose 0 = 41*s + 452 + 3074. What is the units digit of ((-129)/s)/(6/2248)?
2
Let s(v) = -7*v + 0 - v + 0. Suppose y - 4*f + 29 = -2*y, -2*f = 5*y + 31. What is the units digit of s(y)?
6
Let m(p) = p**2 + 32*p - 2567. What is the units digit of m(128)?
3
Suppose c + 4 = -0*c, 0 = -4*u + 2*c + 420. Let x = u + -96. Let i(t) = 21*t + 49. What is the hundreds digit of i(x)?
1
Suppose 2*t - 11*b - 9 = -14*b, 3*t = -4*b + 15. What is the units digit of 1634/4 + t*(-11)/(-198)?
9
Suppose 3071633 = 261*a - 72*a + 785111. What is the thousands digit of a?
2
What is the hundreds digit of 169 + -164 - (-1 - -4) - 109*-563?
3
Suppose 6*h - 3*h - 735 = 0. Suppose h + 147 = 7*a. What is the units digit of a?
6
Let y(m) = 2*m**2 - 164*m + 2652. What is the ten thousands digit of y(137)?
1
Let x be (-14)/(-168) - (-5686)/24. Suppose 120 - x = -j. What is the units digit of j?
7
Let t(a) = -10*a**2 + 18*a - 6. Let z(w) = 10*w**2 - 18*w + 5. Let o(s) = 2*t(s) + 3*z(s). What is the tens digit of o(3)?
3
Let d(y) = 5*y**3 - 7*y**2 - 6*y + 15. Let k(w) = -2*w**2. Let u(c) = d(c) - 3*k(c). What is the tens digit of u(6)?
2
Let z(x) = -52*x + 14. Let d(m) = -m**3 + 10*m**2 + 23*m + 10. Suppose 6*s - 101 = -29. Let c be d(s). What is the hundreds digit of z(c)?
1
Let g(l) = 154*l**2 - 5*l - 5. Let s(t) = 6*t + 191. Let u be s(-32). What is the units digit of g(u)?
4
Suppose -5*a = -h - 1474, 5*a + h - 6*h - 1490 = 0. Suppose -156*r = -159*r + a. What is the units digit of r?
8
Suppose 0 = 5*q - 3*g - 55, 5*q + g = 2*q + 47. What is the tens digit of (q/21)/((-2)/(-72))?
2
Suppose 58*a = 56*a + 6. Let p be (1557/4 - 4/16) + a. Let z = p - 275. What is the hundreds digit of z?
1
Suppose m - 1 = 0, 6*x - 2*x + m = -3439. Let o = x + 1523. What is the tens digit of o?
6
Let n(b) = b. Let s(r) = 6*r - 8. Let d(v) = 4*n(v) + s(v). Suppose 4*m + 26*m - 90 = 0. What is the tens digit of d(m)?
2
Let u be 3560/(((-6)/10)/(30/(-25))). What is the hundreds digit of (2/8)/(4/u)?
4
Suppose 2*r = 5*p - 589, -r - 236 = -2*p - 0*r. Let l = p - -158. Suppose l = 14*m - 9*m. What is the units digit of m?
5
Suppose 5*t - 19*t = -42. Suppose 48*c = 49*c + 4, -u = -t*c - 882. What is the units digit of u?
0
Let p(t) = -47*t - 31. Suppose -5*l = -2*y + 273, 110 = -4*l + y - 109. Let x = l - -51. What is the tens digit of p(x)?
5
Suppose 3*z = b - 74536, b + 2*z - 63716 - 10825 = 0. What is the thousands digit of b?
4
Let y be -9*8/12 - -54. Suppose -y*d + 918 = -42*d. What is the hundreds digit of d?
1
Suppose -7*z + 1765 + 5949 = 0. Suppose -z = -2*q + 1058. What is the units digit of q?
0
Let c(o) = 3*o**2 + 5873 + 0*o**2 + 34*o - 5865. What is the hundreds digit of c(-17)?
2
Suppose -15 = 5*q, -2*u - 5*q + 1279 = -2012. What is the tens digit of u?
5
Let p be 336/15*-1*(-2 - 3). Let j be 2/(-16) - (-14)/p. What is the tens digit of 2 + 1 + (j - -76)?
7
Let t = 38 + 152. Let h = 1645 + -1528. Let a = t - h. What is the tens digit of a?
7
Suppose -5*c = -3*y + 408, 5*c + 2*y + 476 = 48. Let a = c - -45. Let f = 134 + a. What is the units digit of f?
5
Let m(g) = g**3 + 29*g**2 - 62*g - 14. Let a be m(-31). What is the hundreds digit of (-42)/a*1232/6?
6
Let n be (-4 - (-5 + 4)) + 17/1. Let r = 435 - n. What is the hundreds digit of r?
4
Let p = 5207 + -5134. What is the tens digit of p?
7
Let f(p) = 2*p**3 + 6*p**2 + 9*p + 1. Let k(g) = -g**2 + g - 1. Let h(m) = f(m) + k(m). Let v be h(-3). Let i = v + 86. What is the tens digit of i?
4
Let u be (32/4 - 3)*(-110)/(-25). What is the tens digit of (-16)/(-88) - (-3120)/u?
4
Suppose 3*h = 3*g + 3, 4*h - 36 = -8*g + 4*g. Suppose -3*m - 4*y = -1214, -3*m + h*m - 798 = 3*y. Suppose -318 = -15*